thousands digit of 393357?
3
What is the hundreds digit of 3073513?
5
What is the hundreds digit of 7710384?
3
What is the hundreds digit of 54561?
5
What is the hundred thousands digit of 15808073?
8
What is the thousands digit of 27079923?
9
What is the ten thousands digit of 478832?
7
What is the millions digit of 1837322?
1
What is the ten thousands digit of 3807696?
0
What is the hundred thousands digit of 7074412?
0
What is the hundreds digit of 8917691?
6
What is the hundreds digit of 7233520?
5
What is the tens digit of 4853819?
1
What is the thousands digit of 318045?
8
What is the ten thousands digit of 5121523?
2
What is the thousands digit of 1038002?
8
What is the hundreds digit of 274765?
7
What is the tens digit of 1724?
2
What is the units digit of 28382?
2
What is the units digit of 842035?
5
What is the thousands digit of 358738?
8
What is the ten thousands digit of 190116?
9
What is the thousands digit of 39840192?
0
What is the hundreds digit of 924874?
8
What is the millions digit of 3620676?
3
What is the hundreds digit of 2693010?
0
What is the hundreds digit of 1876115?
1
What is the hundreds digit of 7748132?
1
What is the thousands digit of 2595585?
5
What is the hundred thousands digit of 233595?
2
What is the millions digit of 2382951?
2
What is the tens digit of 24890481?
8
What is the ten thousands digit of 1199577?
9
What is the hundred thousands digit of 1835992?
8
What is the hundreds digit of 227128?
1
What is the hundreds digit of 23845886?
8
What is the tens digit of 1645861?
6
What is the units digit of 42402?
2
What is the millions digit of 4790295?
4
What is the tens digit of 3775?
7
What is the hundreds digit of 429668?
6
What is the hundreds digit of 5841885?
8
What is the units digit of 13673?
3
What is the thousands digit of 1485221?
5
What is the thousands digit of 428689?
8
What is the units digit of 80562?
2
What is the tens digit of 291094?
9
What is the hundreds digit of 422807?
8
What is the hundred thousands digit of 7048434?
0
What is the millions digit of 7116729?
7
What is the ten thousands digit of 118617?
1
What is the units digit of 2742370?
0
What is the tens digit of 16325694?
9
What is the tens digit of 133806?
0
What is the thousands digit of 85253?
5
What is the hundreds digit of 1832546?
5
What is the thousands digit of 168180?
8
What is the thousands digit of 93923?
3
What is the hundreds digit of 135420?
4
What is the thousands digit of 5747339?
7
What is the units digit of 300754?
4
What is the hundred thousands digit of 164338?
1
What is the thousands digit of 251789?
1
What is the hundred thousands digit of 1922594?
9
What is the millions digit of 4419279?
4
What is the thousands digit of 234841?
4
What is the hundreds digit of 1351955?
9
What is the ten millions digit of 25540677?
2
What is the ten thousands digit of 1998030?
9
What is the hundreds digit of 998134?
1
What is the thousands digit of 879361?
9
What is the tens digit of 255831?
3
What is the ten thousands digit of 5149893?
4
What is the thousands digit of 4442989?
2
What is the ten thousands digit of 8445073?
4
What is the tens digit of 2579835?
3
What is the tens digit of 1719119?
1
What is the units digit of 4974292?
2
What is the tens digit of 8678051?
5
What is the units digit of 239983?
3
What is the units digit of 86527?
7
What is the hundred thousands digit of 3079956?
0
What is the ten thousands digit of 7634403?
3
What is the hundreds digit of 434574?
5
What is the units digit of 1276135?
5
What is the units digit of 2576?
6
What is the ten thousands digit of 462879?
6
What is the tens digit of 455553?
5
What is the units digit of 749540?
0
What is the millions digit of 7209939?
7
What is the hundreds digit of 4121817?
8
What is the thousands digit of 143734?
3
What is the ten thousands digit of 7697692?
9
What is the millions digit of 2150580?
2
What is the units digit of 926352?
2
What is the thousands digit of 342195?
2
What is the tens digit of 1495286?
8
What is the units digit of 2062659?
9
What is the hundreds digit of 5661805?
8
What is the units digit of 4590421?
1
What is the hundred thousands digit of 7924628?
9
What is the hundred thousands digit of 454085?
4
What is the hundred thousands digit of 577044?
5
What is the units digit of 603920?
0
What is the hundred thousands digit of 273245?
2
What is the tens digit of 467078?
7
What is the units digit of 5788066?
6
What is the tens digit of 165130?
3
What is the hundreds digit of 720108?
1
What is the units digit of 998631?
1
What is the ten thousands digit of 78527?
7
What is the ten thousands digit of 491150?
9
What is the ten thousands digit of 581911?
8
What is the units digit of 2980921?
1
What is the thousands digit of 500433?
0
What is the ten thousands digit of 2040788?
4
What is the hundred thousands digit of 4593131?
5
What is the hundred thousands digit of 740544?
7
What is the units digit of 269243?
3
What is the units digit of 9587475?
5
What is the units digit of 706141?
1
What is the hundred thousands digit of 3235637?
2
What is the hundreds digit of 345169?
1
What is the ten thousands digit of 2324036?
2
What is the hundred thousands digit of 126984?
1
What is the hundred thousands digit of 1710262?
7
What is the millions digit of 27579806?
7
What is the hundreds digit of 1474549?
5
What is the units digit of 796238?
8
What is the thousands digit of 590952?
0
What is the units digit of 820835?
5
What is the hundred thousands digit of 6272141?
2
What is the ten thousands digit of 15741556?
4
What is the ten thousands digit of 202806?
0
What is the hundred thousands digit of 11857043?
8
What is the tens digit of 2822834?
3
What is the ten thousands digit of 1373601?
7
What is the thousands digit of 9066334?
6
What is the ten thousands digit of 2347278?
4
What is the hundreds digit of 441389?
3
What is the units digit of 843714?
4
What is the units digit of 3939036?
6
What is the millions digit of 14481855?
4
What is the hundreds digit of 730093?
0
What is the units digit of 15198511?
1
What is the hundred thousands digit of 320144?
3
What is the hundred thousands digit of 8033042?
0
What is the tens digit of 146266?
6
What is the hundreds digit of 314554?
5
What is the millions digit of 7005889?
7
What is the units digit of 453913?
3
What is the hundred thousands digit of 151498?
1
What is the hundreds digit of 286912?
9
What is the ten millions digit of 22471963?
2
What is the ten thousands digit of 370779?
7
What is the tens digit of 4657274?
7
What is the units digit of 5343656?
6
What is the ten thousands digit of 5824994?
2
What is the hundreds digit of 10205784?
7
What is the thousands digit of 143122?
3
What is the ten thousands digit of 7575321?
7
What is the units digit of 66361?
1
What is the ten thousands digit of 1335893?
3
What is the units digit of 5855?
5
What is the ten thousands digit of 967863?
6
What is the thousands digit of 85708?
5
What is the ten thousands digit of 5416920?
1
What is the thousands digit of 149115?
9
What is the tens digit of 89480?
8
What is the tens digit of 80976?
7
What is the hundred thousands digit of 1384191?
3
What is the ten millions digit of 37181598?
3
What is the hundred thousands digit of 4371332?
3
What is the tens digit of 2442522?
2
What is the ten thousands digit of 3126592?
2
What is the hundred thousands digit of 1771305?
7
What is the hundreds digit of 16805171?
1
What is the thousands digit of 2360?
2
What is the tens digit of 2513860?
6
What is the thousands digit of 8002717?
2
What is the millions digit of 29835870?
9
What is the hundreds digit of 85938?
9
What is the ten millions digit of 12990021?
1
What is the units digit of 13183251?
1
What is the hundreds digit of 3506260?
2
What is the units digit of 209409?
9
What is the millions digit of 8031978?
8
What is the millions digit of 13060148?
3
What is the tens digit of 6019673?
7
What is the ten thousands digit of 343050?
4
What is the hundreds digit of 500070?
0
What is the hundreds digit of 4394389?
3
What is the thousands digit of 3785934?
5
What is the thousands digit of 11817039?
7
What is the units digit of 220527?
7
What is the hundred thousands digit of 818472?
8
What is the ten thousands digit of 40921